 + 3888. Suppose -m - 2*w + r = 3*m, 2*m = 4*w + 142. What are the prime factors of m?
79
Let p = -99 - -158. Suppose c - 864 = -p. List the prime factors of c.
5, 7, 23
Suppose 65*o + 5*g - 89215 = 63*o, -6*o - 3*g = -267657. What are the prime factors of o?
2, 3, 5, 1487
Suppose -5*s = 4*w - 29270, -40*s + 37*s = -4*w - 17562. List the prime factors of s.
2, 2927
Let h = -16788 - -30896. List the prime factors of h.
2, 3527
Let l(t) = -t**3 + 11*t**2 + 16*t + 6. Let u be ((-2)/(-3))/((-12)/(-90)) + 4. List the prime factors of l(u).
2, 3, 13
Let i(g) = 1750*g**2 + 177*g + 351. What are the prime factors of i(-2)?
6997
List the prime factors of 71/(-426) + 39493/6.
2, 3, 1097
Suppose 5*w + 13*w + 20*w = 1449852. What are the prime factors of w?
2, 3, 6359
Let t be (370/30 - 1) + (-4)/(-6). List the prime factors of (16/t)/((-22)/(-10131)).
2, 307
Let c be 36/8*(-34)/51. Let t(z) = 77*z**2 + 6*z + 6. What are the prime factors of t(c)?
3, 227
Suppose -o + 2 = -7. Let a(b) = b**2 - 8*b - 15. Let d be a(o). List the prime factors of (-1532)/(-15) + d/45.
2, 3, 17
Suppose -m = m + r + 133, -4*r - 70 = m. Let k = -60 - m. Suppose -k*d = -613 - 275. List the prime factors of d.
2, 37
Let y(u) = 1824*u**2 + 7*u + 86. List the prime factors of y(3).
13, 31, 41
Let w(f) = -21*f - 92. Let r be w(-6). Suppose 3936 = r*c - 416. List the prime factors of c.
2
Suppose 5*n - 1 = 14. Suppose 42 = -t - n*r - 207, t + 4*r = -249. What are the prime factors of (3 - 6)*t/9?
83
Let x = 2608 + 1562. List the prime factors of x.
2, 3, 5, 139
Let k(a) = -a**3 - 9*a**2 - 2*a - 14. Let f be k(-9). Let s be 1/f + 659/4. Suppose 4*o - s + 7 = -2*r, -o = -3*r - 43. List the prime factors of o.
2, 5
Let j(k) = 12*k**2 - k - 2. Suppose -r + 15 = 8. Suppose 5*m + 4 = r*m. List the prime factors of j(m).
2, 11
Let x be (9*-1)/(1 - -1 - 5). List the prime factors of 1573/x + ((-16)/(-3))/(-4).
523
Let b = 8529 + 16600. What are the prime factors of b?
13, 1933
Let i = -57 + 91. Suppose 27*m - i*m = 553. Let v = 175 + m. What are the prime factors of v?
2, 3
Let k be 249/2*-215 + 10/(-20). Let g be (k/168)/(0 - (-2)/3). Let t = g - -339. List the prime factors of t.
2, 5
Let c(a) = 81*a - 109. List the prime factors of c(2).
53
Suppose 6*l + 23 = -13. Let j(i) = i**2 + 3*i - 11. Let p be j(l). Suppose c = p*c - 60. List the prime factors of c.
2, 5
Suppose 88*w - 184*w = -76*w - 586780. List the prime factors of w.
29339
Suppose 7*n = -0*n - 238. Let l = n + -3. Let q = 78 + l. List the prime factors of q.
41
Suppose -3*l + 2*v - 7*v - 842 = 0, -3*v = -2*l - 555. Let a = -54 - l. Let s = -90 + a. List the prime factors of s.
3, 5
Suppose -4*s = 4*b - 208, s + 328 - 50 = 5*b. What are the prime factors of b/(-110) - (-5546)/4?
2, 3, 7, 11
Suppose -14*d = 554 - 596. Let c be (-24)/((-2)/9 - 0). Suppose -4*i + c = -4*o, d*o + 48 = 2*i + 7*o. List the prime factors of i.
2, 13
Suppose q - z = -3*z + 7710, -2*z = 5*q - 38526. List the prime factors of (13/(39/q) - -2)/2.
5, 257
Let c = -36 + 44. Suppose -2*t + c = 0, 2*x - 7*x = -4*t - 2029. What are the prime factors of x?
409
Let v be (829 - 0) + (-17)/17. Suppose -v = 10*h - 4928. Let l = -254 + h. List the prime factors of l.
2, 3, 13
Suppose -u - 3*o - 6 = 0, -o = -u - 3*u + 2. What are the prime factors of (-10)/(-5) - u - (-3 + -148)?
3, 17
Suppose 0 = 2*z - 2, -3*b - 2 = -5*z. Let d be (-9)/12 + b - (-995)/20. Suppose -6*y - d = -338. What are the prime factors of y?
2, 3
Suppose -5*n = f - 7240, n + 13*f = 16*f + 1448. Let v = -648 + n. What are the prime factors of v?
2, 5
List the prime factors of (0 - 3150/4)/(2/(-120)*2).
3, 5, 7
Suppose -2*t + 685 = 189. Suppose -4*q - 4*w + 632 = -t, 10 = 2*w. List the prime factors of q.
5, 43
Let a(u) = 9*u**3 - u**2 - 4*u - 4. Let i be a(-1). Suppose 176 - 548 = -4*v. Let p = v + i. What are the prime factors of p?
83
Let n = 2074 + -260. What are the prime factors of n?
2, 907
Suppose 24*y - 10*y - 4541 = 13*y. List the prime factors of y.
19, 239
Suppose -3*w - 2*r - 6 = -28, 14 = 3*w - 2*r. What are the prime factors of (2 - w)*2748/(-16)?
3, 229
Let p(i) = 15*i**3 - 4*i**2 + 12*i - 36. Let t = 439 - 436. List the prime factors of p(t).
3, 41
Let x be ((-3)/3 + 2)*(1475 - -32). Suppose -x = 3*y - 5581. List the prime factors of y.
2, 7, 97
Let z(p) = p**3 - 28*p**2 + 49*p + 76. What are the prime factors of z(49)?
2, 26449
List the prime factors of (10 - 5403/(-18)*21) + 2/(-4).
59, 107
Suppose 0 = -2*m - 5*w + 35721, -5*w = 162 - 117. What are the prime factors of m?
3, 1987
List the prime factors of 15742 + 14/4*4.
2, 3, 13, 101
Let z(d) = 15503*d**3 - 4*d**2 + 18*d - 15. What are the prime factors of z(1)?
2, 23, 337
Let i = 2778 - 1759. What are the prime factors of i?
1019
Let n(a) = -96*a + 19 - 42*a - 19*a + 9*a - 1. List the prime factors of n(-2).
2, 157
Let y(k) = k**3 + 4*k**2 - 4*k + 2. Let c = -74 - -69. Let i be y(c). What are the prime factors of (-592)/i - (-3)/(-9)?
197
Let i(u) be the second derivative of -u**5/20 + 2*u**4 - 15*u**2 + 4*u + 2. What are the prime factors of i(23)?
499
Let d be (9/(54/24))/(2/(-540)). Let i be (2 - 59/2)*d/50. Suppose -i = -12*m + 6*m. What are the prime factors of m?
3, 11
Let p = 21099 - 13883. What are the prime factors of p?
2, 11, 41
Suppose 28*y - 21144 = 32*y. Let c = y + 952. List the prime factors of 2/(-6) - c/33.
131
Suppose 10*f - 17 = -27. What are the prime factors of (f/2)/((10 + -13)/6354)?
3, 353
Let r(c) = -c**3 + 2*c**2 + 37*c - 7. Let v = 671 - 682. List the prime factors of r(v).
19, 61
Let y = 4610 - 3157. Let g = -509 + y. List the prime factors of g.
2, 59
Let q(n) = -n**2 - 11*n - 12. Let k be q(-8). Let f = -4 + k. Suppose -236 = -f*y + 4*y. List the prime factors of y.
59
List the prime factors of (788/5)/((-567)/45 - -13).
2, 197
Let m(n) = -5*n + 19. Suppose y + 49 = -4*k, 9*k - 4*k + 35 = 4*y. Let q be m(k). Suppose q + 142 = 3*a. What are the prime factors of a?
2, 3
Let c = -136 + 240. Let v = c + -100. Suppose 3*b = -4*i + 764 - 311, v*i - 488 = 4*b. What are the prime factors of i?
3, 13
Let b = -35 - -66. Suppose -2*p - p + b = 5*n, -2*n + 6 = -2*p. Suppose p*y - 4*i = 82, 5*y - 325 + 76 = -i. What are the prime factors of y?
7
Suppose 45 - 5 = -10*c. List the prime factors of (-4)/6*2178/c.
3, 11
Suppose 16*i - 526609 = 137841 + 192318. What are the prime factors of i?
2, 11, 1217
Suppose 0 = 2*o + g - 12, -3*o + 2*o - g + 7 = 0. Suppose -o*c = -24 - 11. List the prime factors of 1*(-8)/28 - (-254)/c.
2, 3
Let n = 27897 - 2134. What are the prime factors of n?
25763
Let h(l) = l**3 + 27*l**2 - 23*l + 125. Let x be h(-28). Let c(s) = -115*s - 260. List the prime factors of c(x).
5, 293
List the prime factors of 4/6*(-12)/(-16) - 407604/(-8).
50951
Suppose 0 = 2706*z - 2711*z + 24575. What are the prime factors of z?
5, 983
Suppose -y + 4 = y. Suppose -4*i = 4, 3*k - 2 = 5*k - 2*i. List the prime factors of 123 + 16/(k - y).
7, 17
Let m(g) = g**2 + 25*g + 48. Let v be m(-2). Suppose -4*y + 5*o + 4372 = 0, -4*y + v*o - 2186 = -6570. What are the prime factors of y?
2, 3, 61
Let y = 92 - 75. Let z(h) = 18*h**3 + y - 18 + h - 98*h**3. What are the prime factors of z(-1)?
2, 3, 13
Let j(p) = 74*p**2 - 915*p + 3. What are the prime factors of j(21)?
2, 3, 2237
Suppose 4*a - 5*y - 37547 = -8988, -21453 = -3*a - 3*y. What are the prime factors of a?
2, 3, 397
Let u(k) = 39*k**2 - 80*k - 1439. List the prime factors of u(-22).
3, 79
Let s(r) = -6*r**3 + 7*r**2 - 17*r - 26. Let l be s(-8). Suppose -m = -5*g + l, g - m - 476 - 250 = 0. List the prime factors of g.
2, 3, 11
Let k(o) = 1115*o**3 + 10*o**2 - 32*o - 1. What are the prime factors of k(2)?
3, 5, 593
Suppose -2 + 17 = -3*x, 3*t - 3845 = 4*x. Let w = t + 99. What are the prime factors of w?
2, 3, 229
Suppose 0 = -2*s - 2*u + 5628, -11*u - 8438 = -3*s - 12*u. What are the prime factors of s?
2, 19, 37
Let d = -43 + 52. Suppose d*h - 14712 = -15*h. What are the prime factors of h?
613
Let z(l) = 55*l**2 + 6*l + 15. Let s be z(-5). Let x = s - 688. List the prime factors of x.
2, 3, 7
Let o = 105 - 109. What are the prime factors of (-170)/o*(-216)/(-45)?
2, 3, 17
Let i(j) = -6*j + 0*j + 3*j + 23. Let w be i(8). List the prime factors of 165 - 